. Let k be m(-4). Let z(v) = -k*v + 5*v - 6 - 2*v. What is z(0)?
-6
Let g = -1 + 1. Suppose -f - 3*f + 28 = 4*s, 29 = 2*s + 5*f. Let d(m) = 0 + s + m + g. Give d(-2).
0
Suppose v + 20 = -3*v. Let u(x) = x**3 + 0 - 2 + 4*x**2 + 0 - 4*x. Give u(v).
-7
Let i(u) = u**2 - 7*u + 2. Suppose -2*y = -5*t - 0*y + 25, -4*y = 0. Determine i(t).
-8
Suppose -1 = -4*y - j, 15 = 5*j - 2*j. Let u be (5/5)/(y/(-5)). Let s(i) = -i**2 - 1 + 2 - 4*i - 8 + 10*i. Give s(u).
-2
Let r(p) = 8*p. Let i(g) = g**2 - 4*g - 1. Let y be i(5). Suppose y*b + 1 = -3. Give r(b).
-8
Let v(y) be the third derivative of y**5/60 + y**4/8 - 2*y**3/3 - 16*y**2. Calculate v(-5).
6
Suppose 0*s = 4*s + 16. Let l(c) be the third derivative of -c**6/120 - c**5/12 - c**4/6 + c**3/2 - 49*c**2. Give l(s).
3
Let x(m) = -m + m + 1 + m. Let a(p) = p**2 - 12*p + 16. Let t be 13 - ((2 - -3) + -3). Let o be a(t). Determine x(o).
6
Let o(x) be the first derivative of x**2 - 1 + x + 1/3*x**3 - 1/4*x**4. Calculate o(2).
1
Let t be 1*-4*(-2)/2. Suppose 0 = -t*g + 19 - 7. Let u(l) be the third derivative of l**4/24 - l**3/6 + 4*l**2. Calculate u(g).
2
Let b(h) = h**3 - 8*h**2 + 6*h + 8. Let r be b(7). Suppose -r = -x - 7. Let l(p) = -p**2 - 10*p - 7. Calculate l(x).
17
Let w(b) = 8*b + 1. Let t(a) = a**3 + 3*a**2 - 2*a - 3. Let j be t(-3). Suppose 5*l - j*l - 2 = 0. Give w(l).
9
Let u(x) = -x + 2*x + 6 - 4*x**3 - 7. What is u(1)?
-4
Let r(o) = -o**2 + o. Let i be 2/6 + 33/9. Suppose 5*l + 8 = i*d, -3*l = l + 2*d - 4. Let u be (2 + -2)/(-1 - l). Calculate r(u).
0
Let h(r) = r**3 - 4*r**2 - 2*r. Let c = 66 - 62. Determine h(c).
-8
Suppose 4*f + 4*v + 20 = 0, 3*f + v = -v - 12. Let h be (-2)/(f*2/(-8)). Let q(y) = -13*y + 4*y**2 + y**3 + 2 - y**2 + 10*y. Determine q(h).
-2
Let a(v) = -2*v**2 + 4*v + 15. Let c be a(7). Let r be 42/5 + 22/c. Let x(w) = -w**2 + 9*w - 3. What is x(r)?
5
Let a(z) = -z**3 + 3*z**2 + 3*z + 2. Let q(p) = p**3 + 10*p**2 + 3. Let v be q(-10). Let o be 7 - (2 - 1) - v. What is a(o)?
11
Suppose i + 3*m - 22 = 0, -i + 4*i = 3*m + 78. Let r(d) = -i + 25 - d. Let c(n) = 6*n. Let v(u) = -c(u) - 5*r(u). Calculate v(2).
-2
Suppose -3*a + 4*h = -5, 24 = 5*h + 4. Let s(v) = -v**2 + 7*v - 1. Give s(a).
-1
Let y(r) be the first derivative of r**3/3 - 3*r**2/2 - 4*r - 13. Calculate y(4).
0
Let k(j) be the second derivative of j**4/6 + j**3/6 - j**2 + 11*j. What is k(-2)?
4
Let m(o) = 6*o**3 - o**2 - 2. Let z(r) = r + 1. Let a(s) = m(s) + z(s). Suppose -2*l - 27 = 5*g, -g + 3*l = 3 - 1. Let k = -4 - g. Determine a(k).
5
Let p be 91/(-9) - (-1)/9. Let d(g) = g - 1. Determine d(p).
-11
Let z(m) = 0 - 7*m + 0. Let w be (0 - 1)/((-3)/3). What is z(w)?
-7
Let b(h) be the second derivative of -h**5/20 - h**4/2 + h**2/2 + 30*h. Determine b(-6).
1
Let u(q) = 12*q**2. Let t = 0 + 1. Let i be u(t). Suppose 4*f - i = 4. Let o(p) = -2*p + 3. Determine o(f).
-5
Let b(a) be the first derivative of -1/4*a**4 + 2*a - 4/3*a**3 + 5 + 1/2*a**2. What is b(-4)?
-2
Let s(y) = 9*y - 1. Let x = 2 - 3. Determine s(x).
-10
Let j(b) be the first derivative of -b**2 + 1. Let n(w) = w**2 - 9*w + 12. Let u be n(8). Suppose 0 = -0*c + c + u, 4*p = -c. Determine j(p).
-2
Suppose 2*g + 12 = 4*d, g + 0 = 2. Let u(x) = x + 1. Determine u(d).
5
Let l(t) = 3*t**3 + t**2 - 5*t - 6. Let d(w) be the first derivative of -7*w**4/4 - 2*w**3/3 + 5*w**2 + 13*w + 1. Let r(n) = -2*d(n) - 5*l(n). What is r(-3)?
7
Let x(u) = -2 - 32*u**2 + 33*u**2 + 5*u + 5. Determine x(-7).
17
Suppose 4*s + 2 = 30. Let a be (-16)/(-7) - 2/s. Let k(w) = -w**2 - w + 1. Give k(a).
-5
Suppose -7*x = -18*x + 44. Let r(a) = 2*a**2 - 7*a + 6. Give r(x).
10
Suppose -4*m = -6*m. Suppose 0 = -i - 4 - m. Let n(l) = 0 - 2*l - 2 - 3. What is n(i)?
3
Suppose 0 = z - 0*z - 2. Let t(k) = 2*k**2 - 5*k**2 - 1 + 4*k**z. What is t(2)?
3
Let o(l) = -2*l + 8. Let j be o(6). Let k be (j/5)/((-1)/(-5)). Let z(x) = -2*x + 92 - 185 + 0*x + 92. Determine z(k).
7
Let a(y) = -y**2 - 7*y - 4. Let w = -60 + 55. Determine a(w).
6
Let c(d) = -6 - 11*d + 10*d + 7 + 7. What is c(9)?
-1
Let s(m) be the third derivative of m**6/120 - m**5/20 + m**4/8 - 2*m**3/3 - 6*m**2. Let a(f) = f**3 + 2*f**2 - 2*f - 1. Let u be a(-2). Determine s(u).
5
Let g(i) be the first derivative of 0*i + 1/120*i**6 + 3 - 1/20*i**5 - i**2 + 0*i**4 - 1/6*i**3. Let r(v) be the second derivative of g(v). Determine r(2).
-5
Let j = 3 + -8. Let z(l) be the first derivative of -l**5/20 - 5*l**4/12 + l**3/6 - 5*l**2/2 - 2*l + 1. Let d(v) be the first derivative of z(v). What is d(j)?
-10
Let r(b) = -b**3 - 4*b**2 + 2*b + 6. Let t(v) = -2*v**2 + 2*v + 3. Let q be t(-2). Let h = 4 - -1. Let i = q + h. Give r(i).
-2
Let x(o) = 5*o**3 + 3*o**2 - 5*o + 72. Let j(m) = 2*m**3 + m**2 - 2*m + 24. Let f(v) = -8*j(v) + 3*x(v). What is f(0)?
24
Let z(g) = 35*g**2 + 2*g - 1. Let u(b) = 34*b**2 + 2*b - 1. Let x(p) = 5*u(p) - 4*z(p). Give x(1).
31
Let s(a) be the second derivative of -a**3/6 + 2*a**2 + a. Suppose 3*q - 14 = x, x + 13 = -x + 3*q. Let z be 1*(x + 3 + -2). Give s(z).
2
Let z = -36 - -40. Let s(r) = -r**3 + 5*r**2 - 3*r - 4. Give s(z).
0
Let h(q) be the second derivative of 5*q**4/12 + q**3/2 + 9*q**2/2 - 4*q. Let r(j) = 2*j**2 + j + 3. Let w(p) = -3*h(p) + 8*r(p). What is w(3)?
3
Let w(i) = 13*i**2 - 26*i + 11. Let o(c) = 4*c**2 - 9*c + 4. Let a(f) = 7*o(f) - 2*w(f). What is a(7)?
27
Let g(b) = -b**3 + b**2 + b. Let v(s) = -2*s**2 - s + 9. Let m(r) = -g(r) - v(r). Give m(0).
-9
Let b(n) = 5*n + 13 + 0 - 3*n - 4. Let x(d) = d + 6. Let o(k) = 5*b(k) - 7*x(k). Suppose h - 2 + 5 = 0. Determine o(h).
-6
Let x(b) = b**3 + 8*b + 1 - 7*b**2 - 10*b + 2. What is x(7)?
-11
Let h(p) = 78*p + 61*p + p**3 + 1 - 138*p. Let u = 0 + 6. Suppose u*z + 4 = 2*z. Give h(z).
-1
Suppose 0 = -3*m - 4*m + 42. Let p(o) = -o + 2. Determine p(m).
-4
Let i(h) = 2*h + 3. Let s be (-52)/(-7) + (-12)/(-21). Determine i(s).
19
Let p = -12 - -14. Let y(f) = 2*f**3 - 2*f**2 + 2*f - 2. Calculate y(p).
10
Let q be -4 - ((-24)/(-6) - 3). Let z(m) = -m**2 - 4*m + 1. What is z(q)?
-4
Suppose z - 4*z = -84. Let a = -16 + z. Suppose 2*h + a = 4. Let x(n) = -n**3 - 4*n**2. Calculate x(h).
0
Let i(j) be the third derivative of 0*j + 2*j**2 + 1/120*j**6 - 1/30*j**5 - 1/2*j**3 + 0 + 0*j**4. Give i(3).
6
Let s(h) = h - 8 - 4 + 11. Let w be s(-4). Let m(f) = -5*f**3 + 4*f**2 - 3*f - 2. Let j(o) = -o**3 - 1. Let p(x) = -6*j(x) + m(x). Calculate p(w).
-6
Let v = -38 + 29. Let l(y) = -y**3 - 8*y**2 + 9*y - 1. What is l(v)?
-1
Let r(q) = q**3 + 5*q**2 + 3*q - 3. Suppose j + 21 = 5*o, -3*j + o + 0 = -7. Suppose -2*b = 4*p, -j*p + 16 = -4*b - 8. Give r(b).
1
Let z(h) = 2*h**2 + 9*h + 6. Let f(u) = u**2 + 4*u + 3. Let t(c) = -9*f(c) + 4*z(c). What is t(0)?
-3
Let m(p) be the second derivative of p**4/24 - p**3/3 + p**2/2 + 3*p. Let o(b) be the first derivative of m(b). Calculate o(-5).
-7
Let m(x) = x + 12. Let b(y) = -y. Let n be b(-4). Suppose 0*r + 5*r = -n*c + 45, -r - 3 = 0. Let t be 5/c*(-15)/1. Calculate m(t).
7
Let o(x) = x**2 + 8*x + 2. Suppose 4*d - 3*d + 3*h = -6, -30 = 5*d - 5*h. Determine o(d).
-10
Let f(w) be the third derivative of -w**5/60 - w**4/4 + 7*w**3/6 + w**2. Suppose 0 = -8*k + 3*k - 30. What is f(k)?
7
Let l = -73 - -78. Let p(d) = -d + 5. Determine p(l).
0
Let v(o) = -3*o**2 - 12*o - 19. Let k(c) = c**2 + 6*c + 9. Let h(a) = -5*k(a) - 2*v(a). Calculate h(6).
-7
Let r(t) be the first derivative of -t**2/2 - 6*t + 5. Let c(z) = z**3 + 4*z**2 - 3*z + 7. Let p be c(-5). Calculate r(p).
-3
Let z(n) = -1 - 5 - 3*n**2 + 5*n + 2*n**2 + 0. Give z(5).
-6
Suppose -w = 4*q + 24, w + 5*q = 6 - 34. Let a(n) = 11*n**2 + 13*n + 13. Let s(j) = 4*j**2 + 4*j + 4. Let y(z) = w*s(z) + 3*a(z). Calculate y(-5).
-3
Let u(f) be the first derivative of -f**6/360 - f**5/20 + f**4/12 - 2*f**3 + 4. Let r(a) be the third derivative of u(a). Calculate r(-6).
2
Let l(h) = -h + 1. Let q be l(-3). Let a(g) = 7*g**3 - 15*g**2 + 6*g - 7. Let r(z) = -4*z**3 + 8*z**2 - 3*z + 4. Let i(d) = -3*a(d) - 5*r(d). Give i(q).
5
Let p(r) be the first derivative of -2*r**3/3 - r**2 - 2*r + 39. Calculate p(-2).
-6
Let v(o) = -o**2 - o + 4. Suppose 0*k - 5*k + 2*r - 2 = 0, -2 = 3*k - 2*r. What is v(k)?
4
Let v be ((-16)/12)/(1/3). Let i = v + 7. Let a(d) = -i*d**2 - 2 + 3*d - 3*d + d + 2*d**3. What is a